{"id":100,"date":"2015-05-07T17:55:51","date_gmt":"2015-05-07T17:55:51","guid":{"rendered":"http:\/\/localhost\/acelerant\/?page_id=100"},"modified":"2018-09-21T23:40:25","modified_gmt":"2018-09-21T23:40:25","slug":"liderazgo","status":"publish","type":"page","link":"https:\/\/acelerant.com.mx\/index.php\/liderazgo\/","title":{"rendered":"Liderazgo"},"content":{"rendered":"<p>&nbsp;<\/p>\n<p style=\"text-align: justify;\">Una de las competencias fundamentales\u00a0a desarrollar en cualquier trabajo, tama\u00f1o de empresa e industria es el Liderazgo. Esta \u00e1rea de especialidad est\u00e1 enfocada en ayudar a nuestros clientes a darle al individuo las herramientas que le permiten balancear el equilibrio entre los procesos, resultados y el trabajo con personas. Herramientas desde el trabajo bajo objetivos, la motivaci\u00f3n de la gente, los procesos de delegaci\u00f3n e incluso como llamar la atenci\u00f3n de la gente cuando se desv\u00eda de lo que se espera de ellos son elementos que se trabajan en los cursos de esta familia. El enfoque requerido\u00a0 de liderazgo y de cada aspecto que lo conforma, cambia considerablemente de acuerdo al nivel en el que nos encontremos en la empresa. Por eso tenemos diferentes cursos como pueden ser:<\/p>\n<ul>\n<li style=\"text-align: justify;\">Liderazgo de alto nivel<\/li>\n<li style=\"text-align: justify;\">Desarrollo de habilidades directivas<\/li>\n<li style=\"text-align: justify;\">Desarrollo de habilidades gerenciales<\/li>\n<li style=\"text-align: justify;\">Desarrollo de supervisores<\/li>\n<\/ul>\n<p>&nbsp;<\/p>\n<p><em>Si requieres m\u00e1s informaci\u00f3n sobre uno de estos cursos o deseas que nos pongamos en contacto contigo para ayudarte en alg\u00fan reto espec\u00edfico que tengas en mente, por favor da <a href=\"http:\/\/acelerant.com.mx\/index.php\/contacto-2\/\" target=\"_blank\" rel=\"noopener\">click aqu\u00ed<\/a>.<\/em><\/p>\n","protected":false},"excerpt":{"rendered":"<p>&nbsp; Una de las competencias fundamentales\u00a0a desarrollar en cualquier trabajo, tama\u00f1o de empresa e industria es el Liderazgo. Esta \u00e1rea de especialidad est\u00e1 enfocada en ayudar a nuestros clientes a darle al<\/p>\n<a class=\"moretag noptoppad\" href=\"https:\/\/acelerant.com.mx\/index.php\/liderazgo\/\">Read More...<\/a>","protected":false},"author":1,"featured_media":701,"parent":0,"menu_order":0,"comment_status":"closed","ping_status":"closed","template":"","meta":{"_monsterinsights_skip_tracking":false,"_monsterinsights_sitenote_active":false,"_monsterinsights_sitenote_note":"","_monsterinsights_sitenote_category":0,"footnotes":""},"class_list":["post-100","page","type-page","status-publish","has-post-thumbnail","hentry"],"aioseo_notices":[],"_links":{"self":[{"href":"https:\/\/acelerant.com.mx\/index.php\/wp-json\/wp\/v2\/pages\/100","targetHints":{"allow":["GET"]}}],"collection":[{"href":"https:\/\/acelerant.com.mx\/index.php\/wp-json\/wp\/v2\/pages"}],"about":[{"href":"https:\/\/acelerant.com.mx\/index.php\/wp-json\/wp\/v2\/types\/page"}],"author":[{"embeddable":true,"href":"https:\/\/acelerant.com.mx\/index.php\/wp-json\/wp\/v2\/users\/1"}],"replies":[{"embeddable":true,"href":"https:\/\/acelerant.com.mx\/index.php\/wp-json\/wp\/v2\/comments?post=100"}],"version-history":[{"count":3,"href":"https:\/\/acelerant.com.mx\/index.php\/wp-json\/wp\/v2\/pages\/100\/revisions"}],"predecessor-version":[{"id":572,"href":"https:\/\/acelerant.com.mx\/index.php\/wp-json\/wp\/v2\/pages\/100\/revisions\/572"}],"wp:featuredmedia":[{"embeddable":true,"href":"https:\/\/acelerant.com.mx\/index.php\/wp-json\/wp\/v2\/media\/701"}],"wp:attachment":[{"href":"https:\/\/acelerant.com.mx\/index.php\/wp-json\/wp\/v2\/media?parent=100"}],"curies":[{"name":"wp","href":"https:\/\/api.w.org\/{rel}","templated":true}]}}