{"id":52,"date":"2015-05-06T15:21:58","date_gmt":"2015-05-06T15:21:58","guid":{"rendered":"http:\/\/localhost\/acelerant\/?page_id=52"},"modified":"2020-11-10T06:41:01","modified_gmt":"2020-11-10T06:41:01","slug":"sandra-banuelos","status":"publish","type":"page","link":"https:\/\/acelerant.com.mx\/index.php\/sandra-banuelos\/","title":{"rendered":"Consultor\u00eda"},"content":{"rendered":"<p style=\"text-align: justify;\"><img fetchpriority=\"high\" decoding=\"async\" class=\"alignright size-full wp-image-373\" src=\"http:\/\/acelerant.com.mx\/wp-content\/uploads\/2015\/05\/consultoria.jpg\" alt=\"consultoria\" width=\"400\" height=\"266\" srcset=\"https:\/\/acelerant.com.mx\/wp-content\/uploads\/2015\/05\/consultoria.jpg 400w, https:\/\/acelerant.com.mx\/wp-content\/uploads\/2015\/05\/consultoria-300x200.jpg 300w\" sizes=\"(max-width: 400px) 100vw, 400px\" \/><span style=\"font-size: inherit;\">Los beneficios de los servicios de consultor\u00eda que ofrecemos logran:\u00a0<\/span><\/p>\n<ol>\n<li>Desempe\u00f1o de la gente basada en responsabilidades y resultados en lugar de actividades y factores poco espec\u00edficos.<\/li>\n<li>Disminuci\u00f3n de costos por errores, retrabajos o mala comunicaci\u00f3n.<\/li>\n<li>Disminuci\u00f3n de tiempo en procesos para llegar a los resultados requeridos<\/li>\n<li>Mejora en la medici\u00f3n del trabajo de cada empleado y su enfoque a resultados<\/li>\n<li>Redefinici\u00f3n de la estrategia corporativa.<\/li>\n<li>Cumplir con normatividad aplicable sobre riesgos psicosociales<\/li>\n<li>Control de procesos y m\u00e9tricas de desempe\u00f1o por \u00e1rea de la empresa<\/li>\n<\/ol>\n<p style=\"text-align: justify;\"><span style=\"font-size: inherit;\">Nuestros servicios de consultor\u00eda son realizados por especialistas del \u00e1rea con amplia experiencia y enfoque a resultados. Cont\u00e1ctanos y comprueba porque nuestros clientes est\u00e1n satisfechos.<\/span><\/p>\n<p style=\"text-align: justify;\">Da click en cada una de las \u00e1reas de consultor\u00eda y descubre los servicios que podemos ofrecerte.\u00a0<\/p>\n<p><a href=\"http:\/\/acelerant.com.mx\/index.php\/consultoria-estrategica\/\" target=\"_blank\" rel=\"noopener noreferrer\">Consultor\u00eda Estrat\u00e9gica<\/a><\/p>\n<p><a href=\"http:\/\/acelerant.com.mx\/index.php\/consultoria-en-rr-hh\/\" target=\"_blank\" rel=\"noopener noreferrer\">Consultor\u00eda en Recursos Humanos<\/a><\/p>\n<p><a href=\"http:\/\/acelerant.com.mx\/index.php\/sandra-banuelos-2\/\">Consultor\u00eda en imagen<\/a><\/p>\n<p><a href=\"http:\/\/acelerant.com.mx\/index.php\/nom035-stps-2018\/\">Consultor\u00eda en la implementaci\u00f3n de la NOM035 Prevenci\u00f3n de Riesgos Psicosociales<\/a><\/p>\n\n\n<p><\/p>\n","protected":false},"excerpt":{"rendered":"<p>Los beneficios de los servicios de consultor\u00eda que ofrecemos logran:\u00a0 Desempe\u00f1o de la gente basada en responsabilidades y resultados en lugar de actividades y factores poco espec\u00edficos. Disminuci\u00f3n de costos por errores,<\/p>\n<a class=\"moretag noptoppad\" href=\"https:\/\/acelerant.com.mx\/index.php\/sandra-banuelos\/\">Read More...<\/a>","protected":false},"author":1,"featured_media":0,"parent":0,"menu_order":0,"comment_status":"closed","ping_status":"closed","template":"","meta":{"_monsterinsights_skip_tracking":false,"_monsterinsights_sitenote_active":false,"_monsterinsights_sitenote_note":"","_monsterinsights_sitenote_category":0,"footnotes":""},"class_list":["post-52","page","type-page","status-publish","hentry"],"aioseo_notices":[],"_links":{"self":[{"href":"https:\/\/acelerant.com.mx\/index.php\/wp-json\/wp\/v2\/pages\/52","targetHints":{"allow":["GET"]}}],"collection":[{"href":"https:\/\/acelerant.com.mx\/index.php\/wp-json\/wp\/v2\/pages"}],"about":[{"href":"https:\/\/acelerant.com.mx\/index.php\/wp-json\/wp\/v2\/types\/page"}],"author":[{"embeddable":true,"href":"https:\/\/acelerant.com.mx\/index.php\/wp-json\/wp\/v2\/users\/1"}],"replies":[{"embeddable":true,"href":"https:\/\/acelerant.com.mx\/index.php\/wp-json\/wp\/v2\/comments?post=52"}],"version-history":[{"count":4,"href":"https:\/\/acelerant.com.mx\/index.php\/wp-json\/wp\/v2\/pages\/52\/revisions"}],"predecessor-version":[{"id":3726,"href":"https:\/\/acelerant.com.mx\/index.php\/wp-json\/wp\/v2\/pages\/52\/revisions\/3726"}],"wp:attachment":[{"href":"https:\/\/acelerant.com.mx\/index.php\/wp-json\/wp\/v2\/media?parent=52"}],"curies":[{"name":"wp","href":"https:\/\/api.w.org\/{rel}","templated":true}]}}