{"id":97,"date":"2015-05-07T17:55:30","date_gmt":"2015-05-07T17:55:30","guid":{"rendered":"http:\/\/localhost\/acelerant\/?page_id=97"},"modified":"2018-09-21T22:41:28","modified_gmt":"2018-09-21T22:41:28","slug":"desarrollo-humano","status":"publish","type":"page","link":"https:\/\/acelerant.com.mx\/index.php\/desarrollo-humano\/","title":{"rendered":"Desarrollo humano"},"content":{"rendered":"<p>&nbsp;<\/p>\n<p>Toda empresa\u00a0debe invertir en el desarrollo humano<\/p>\n<p>de su personal. Si la gente que conforma a una empresa se encuentra bien personalmente, esto se vive y contagia autom\u00e1ticamente en la empresa. Esta \u00e1rea de especialidad est\u00e1 enfocada a darle al individuo herramientas y habilidades para poder enfrentar la vida con m\u00e1s aplomo y confianza, son cursos que no son \u00fanicamente motivacionales, son cursos que logran cambiar la manera en que una persona vive y se desarrolla. Gran parte de nuestro \u00e9xito como empresa se debe a la fortaleza y alta especialidad en el desarrollo de estos cursos.<\/p>\n<p style=\"text-align: justify;\">En esta \u00e1rea de especialidad podr\u00e1s encontrar cursos como:<\/p>\n<ul style=\"text-align: justify;\">\n<li>Inteligencia Emocional<\/li>\n<li>Inteligencia Social<\/li>\n<li>Trabajo bajo presi\u00f3n dando resultados<\/li>\n<li>Entre muchos otros desarrollados especialmente para nuestros clientes.<\/li>\n<\/ul>\n<p style=\"text-align: justify;\">Si requieres m\u00e1s informaci\u00f3n sobre uno de estos cursos o deseas que nos pongamos en contacto contigo para ayudarte en alg\u00fan reto espec\u00edfico que tengas en mente, por favor da <a href=\"http:\/\/acelerant.com.mx\/index.php\/contacto-2\/\" target=\"_blank\" rel=\"noopener\">click aqu\u00ed<\/a>.<\/p>\n","protected":false},"excerpt":{"rendered":"<p>&nbsp; Toda empresa\u00a0debe invertir en el desarrollo humano de su personal. Si la gente que conforma a una empresa se encuentra bien personalmente, esto se vive y contagia autom\u00e1ticamente en la empresa.<\/p>\n<a class=\"moretag noptoppad\" href=\"https:\/\/acelerant.com.mx\/index.php\/desarrollo-humano\/\">Read More...<\/a>","protected":false},"author":1,"featured_media":691,"parent":0,"menu_order":0,"comment_status":"closed","ping_status":"closed","template":"","meta":{"_monsterinsights_skip_tracking":false,"_monsterinsights_sitenote_active":false,"_monsterinsights_sitenote_note":"","_monsterinsights_sitenote_category":0,"footnotes":""},"class_list":["post-97","page","type-page","status-publish","has-post-thumbnail","hentry"],"aioseo_notices":[],"_links":{"self":[{"href":"https:\/\/acelerant.com.mx\/index.php\/wp-json\/wp\/v2\/pages\/97","targetHints":{"allow":["GET"]}}],"collection":[{"href":"https:\/\/acelerant.com.mx\/index.php\/wp-json\/wp\/v2\/pages"}],"about":[{"href":"https:\/\/acelerant.com.mx\/index.php\/wp-json\/wp\/v2\/types\/page"}],"author":[{"embeddable":true,"href":"https:\/\/acelerant.com.mx\/index.php\/wp-json\/wp\/v2\/users\/1"}],"replies":[{"embeddable":true,"href":"https:\/\/acelerant.com.mx\/index.php\/wp-json\/wp\/v2\/comments?post=97"}],"version-history":[{"count":5,"href":"https:\/\/acelerant.com.mx\/index.php\/wp-json\/wp\/v2\/pages\/97\/revisions"}],"predecessor-version":[{"id":559,"href":"https:\/\/acelerant.com.mx\/index.php\/wp-json\/wp\/v2\/pages\/97\/revisions\/559"}],"wp:featuredmedia":[{"embeddable":true,"href":"https:\/\/acelerant.com.mx\/index.php\/wp-json\/wp\/v2\/media\/691"}],"wp:attachment":[{"href":"https:\/\/acelerant.com.mx\/index.php\/wp-json\/wp\/v2\/media?parent=97"}],"curies":[{"name":"wp","href":"https:\/\/api.w.org\/{rel}","templated":true}]}}